b**3 - 5*b**2 + 6*b - 6. What is the units digit of a(3)?
0
Let t = 16 + -7. Let h = t - 18. What is the units digit of (-3)/h + 34/6?
6
Suppose 0 = -3*h - 15, -3*n = -5*n + 2*h + 436. What is the hundreds digit of n?
2
What is the units digit of (14/6)/((-2)/(-6))?
7
Let i be (2 - 3)/((-2)/10). Let v(o) = 2*o**2 - 8*o + 6. What is the tens digit of v(i)?
1
What is the tens digit of (1/2)/((-2)/(-188))?
4
Let u be (12/(-10))/((-12)/30). Suppose u*l + 25 = 73. What is the units digit of l?
6
Suppose 206 = 6*j - 232. What is the tens digit of j?
7
Suppose -m = -2 - 6. Suppose l - 8 = -4*s, -5*s - 3*l + 2 = -m. Suppose 2*t - 12 = t + 3*o, s*o = 2*t - 12. What is the units digit of t?
3
Suppose -f - 3 = -0, 4*f + 24 = 4*x. Let k be (1 + -2)/(x/(-15)). What is the units digit of 2/k + 40/25?
2
Let y be 4*1/2 - -3. Suppose -3*x + y*n + 19 = -x, -5*x - 25 = 2*n. Let p = x - -8. What is the units digit of p?
5
Suppose y + 13 = 27. What is the units digit of y?
4
Suppose 0 = -3*j + j - 2. Let c(a) = -13*a**3 - 1. What is the tens digit of c(j)?
1
Suppose -2 - 2 = 2*h. Let k = 6 + -1. Let v = k + h. What is the units digit of v?
3
Suppose -4*o = -3*n - 64, 3*n + 5*o = -0*n - 28. Let u be (-4)/10 - 304/(-10). Let z = n + u. What is the units digit of z?
4
Let m(w) = 3*w + 108. What is the tens digit of m(0)?
0
Let d(o) = o**3 - 8*o**2 + 13*o - 11. What is the tens digit of d(8)?
9
Let v(w) = -w**3 - 2*w**2 - 4. Let u be v(-3). Suppose 5*y + o - 14 = 0, 0 = -u*y - 0*y - 5*o + 10. What is the units digit of 2*(0 + 9/y)?
6
Suppose -1635 - 3300 = -21*l. What is the units digit of l?
5
Let g(n) = n. Let q be g(-2). Let a be q/(-6) + 2/3. Suppose y = -0*y + a. What is the units digit of y?
1
What is the units digit of (((-136)/(-12))/2)/(2/12)?
4
Let y = -32 + 61. What is the units digit of y?
9
Suppose 0 = 5*i - 19 - 131. What is the tens digit of i?
3
Let f = 24 + 15. What is the units digit of (-4)/(3/f*-2)?
6
Suppose -29 = -5*f - 4*t, 3*t - 5 = -2. Suppose 6 - f = c. What is the units digit of c?
1
Let n be (-14)/(0 + 4/(-8)). What is the units digit of n/(-6)*(-27)/18?
7
Suppose -l - 8 = 3*l. Let w(q) = 8*q**2 + 2*q - 2. What is the units digit of w(l)?
6
Let s be (-48)/2*(-14)/4. Suppose 3*y - s = y. Suppose 5*l - y = -12. What is the units digit of l?
6
Suppose 0 = 4*v - 4*g + 116, -4*v = 5*g + 85 + 4. Let b = -14 - v. Let u = -7 + b. What is the units digit of u?
5
Let d(n) = 10*n**3 + n**2 - 5*n + 5. What is the units digit of d(2)?
9
Suppose -o + 7*o - 1092 = 0. What is the tens digit of o?
8
Let s(l) = -l - 4. Let p be s(-4). Suppose -3*r - 3*c + 12 = 0, p = -3*r - 4*c + 3 + 7. What is the units digit of r?
6
Let t(p) = -1 + 3*p - 8*p + p**3 - p + 3*p**2. Let x(d) = -d + 23. Let a be x(27). What is the units digit of t(a)?
7
Let i(g) = g**2 - 3*g - 6. What is the tens digit of i(7)?
2
Let s(p) = -5*p + 1. What is the tens digit of s(-3)?
1
Let x = -5 - 3. What is the units digit of (5 - 6)/(1/x)?
8
Let g = 164 + -20. What is the hundreds digit of g?
1
What is the tens digit of (2*-8 - 0)*-2?
3
Suppose 3*j - 7 = -0*x - x, 4*j = -4*x + 36. Let l = -7 + x. What is the units digit of l?
3
Suppose l = 5*l + 12. What is the tens digit of 0 + (2 - (l - 27))?
3
Let o(y) = y**2 - 8*y + 4. Let q be o(5). Let f = q + 28. What is the tens digit of f?
1
Suppose -4*d - 2*v = 2 - 4, 0 = 4*v + 12. Suppose -4*n + 21 = 5*k, d*n = -k + 5*n - 11. What is the units digit of k/(-3) + (-19)/(-3)?
6
Suppose -3*f + 11 = -7. Let n = f + -1. Suppose -4*s + 5*y + 8 = 0, -n*s - 2*y = -18 - 25. What is the units digit of s?
7
Let d(j) = -5*j**2 - 12*j + 2. Let o(q) = 9*q**2 + 23*q - 5. Let c(r) = -11*d(r) - 6*o(r). What is the tens digit of c(8)?
2
What is the tens digit of (-16)/(8/(-12)*1)?
2
Let f(x) = -x**3 - 7*x**2 + x - 2. What is the units digit of f(-8)?
4
Let d(a) = a**2 + a - 1. Let o(q) = q**2 + 4*q - 4. Let s(f) = 4*d(f) - o(f). What is the units digit of s(-1)?
3
Suppose 0 = -2*u + u + 5. Suppose 0 = 4*g - 5*g - u. Let f = g + 13. What is the units digit of f?
8
Let l(x) = 12*x. Let k be l(6). Let t be (-8)/28 - k/(-7). Suppose -r + 2 = -t. What is the units digit of r?
2
Let a = 6 + -5. Let c be a/(19/18 + -1). What is the units digit of (c/10)/(2/10)?
9
Suppose -3*c - 3*c = -204. What is the units digit of c?
4
Suppose -4*v = -21 - 15. What is the units digit of v?
9
Let w(d) = -d**2 - 8*d - 4. Let o be w(-7). Suppose 17 = 4*q + o*c, 35 = 5*q - 4*c + 5*c. What is the units digit of q?
8
Let k(n) = n**2 + 8*n - 9. Let z be k(-8). Let g be (-2)/6 + 43/3. Let s = g + z. What is the units digit of s?
5
Let y be (2 - 6)/((-2)/4). Suppose y*k = 4*k + 40. What is the tens digit of k?
1
Let u(h) be the second derivative of -h**5/40 + h**4/24 + h**3/6 + 3*h. Let o(f) be the second derivative of u(f). What is the units digit of o(-2)?
7
Let f = -43 - -67. What is the units digit of (-20)/(-3)*f/20?
8
Suppose 0 = -0*o + 3*o - 6. Let i be 1/(3/9) + -1. Suppose -4 + i = -o*f. What is the units digit of f?
1
Suppose a - 2*a + 54 = 0. What is the tens digit of (-10)/(-4)*a/9?
1
Suppose g = 1 + 1. Suppose 2*p + 2*x - 50 = 0, 2*p + 3*p - g*x = 104. What is the units digit of p?
2
Let s = -7 - -12. Let o = 19 + -13. What is the units digit of o/4*(1 + s)?
9
Let x(r) = r**3 + 3*r**2 - 3*r + 2. Suppose 3*h = -h + 8. What is the units digit of x(h)?
6
Let d(x) be the third derivative of x**5/60 - x**4/12 - x**3/6 + x**2. Let m be d(2). What is the units digit of 14*(0 - (0 + m))?
4
Let g = 1 + -4. Let d(o) = o + 2. Let h be d(g). Let l = h - -7. What is the units digit of l?
6
What is the tens digit of 2*(-1 - 0) + 26?
2
Let d(t) = 1. Let c(n) = -2*n - 4. Let l(m) = -2*m - 1. Let u be l(1). Let k(s) = u*c(s) - 15*d(s). What is the units digit of k(2)?
9
Let t = -214 - -335. What is the tens digit of t?
2
Suppose 5*y + 0*o - o + 160 = 0, -4*y - 3*o - 147 = 0. Let r = -20 - y. What is the tens digit of r?
1
Let r(t) = -2*t + 24. What is the units digit of r(-16)?
6
Suppose -2*w + 3*w = 37. What is the tens digit of w?
3
Let t = 10 + 15. What is the tens digit of t?
2
Suppose 5*l + 3*j = -59, l - j = 4*j + 5. Let z = l - -13. Suppose 4*q - 2*q + 3*u = 13, -3*u + 18 = z*q. What is the units digit of q?
5
Let m = 180 - 5. What is the tens digit of m?
7
Let v(t) = t + 4. Suppose -4*p = 3*g - 18, 2*g - 7*g + 22 = 4*p. Suppose 2*y - 28 = -4*m, m + p*y + y = 14. What is the units digit of v(m)?
0
Let u = 0 + -4. What is the units digit of u/24 + 14/12?
1
Suppose -3*p - 4*h + 6 + 50 = 0, 3*p - 65 = 5*h. What is the units digit of p?
0
Suppose -603 - 52 = -5*w. What is the tens digit of w?
3
What is the units digit of -3 - (-965)/15 - 3/9?
1
Let m(k) = -7*k**2 - 25*k + 8. Let w(b) = -3*b**2 - 12*b + 4. Let v(f) = 4*m(f) - 9*w(f). Let u be 20/3 + (-10)/15. What is the units digit of v(u)?
8
What is the units digit of -4 + ((-4)/1 - -53)?
5
Suppose 0*i + 78 = 3*i. Let m = i - 17. What is the units digit of m?
9
Let q(f) = f**3 - 2*f. Let b be q(2). Let z = b + 5. Suppose 2*i = -4*y + 6, -5*y + z + 0 = 3*i. What is the units digit of i?
3
What is the units digit of ((-46)/(-6))/((-6)/(-72))?
2
Suppose z + 4*k = -1, 3*z - 2*k = 37 + 30. What is the tens digit of z?
1
Let h = 18 + -19. Let d be 1*13 + -1 + 1. Let o = h + d. What is the tens digit of o?
1
Let m = -22 + 41. What is the tens digit of m?
1
Suppose -3*d + 7 = -5*j, -15 = 4*j + 2*d - 5. What is the tens digit of ((-5)/(-5))/(j/(-28))?
1
Let t be (-1)/(-1) - (54 + -2). Let h = -31 - t. Suppose 2*w + 41 = 5*o, 2*o + w - h = -0*o. What is the units digit of o?
9
Suppose -i + 62 = 3*z, -4*z + 2*i = -2*i - 104. What is the units digit of z?
2
Let f be 0 + 6 + -3 + -15. Let a = f + 43. What is the tens digit of a?
3
Suppose -n + 3*j + 1 = -17, 5*j + 32 = 2*n. What is the units digit of 30/4 + n/12?
8
Let x(q) = -q**2 - 9*q + 8. Let p be x(-9). Let m = -15 - -9. Let c = p + m. What is the units digit of c?
2
What is the units digit of 2*-1 - (-2 - 8)?
8
Let z = -45 - -28. Let v = -12 - z. What is the units digit of v?
5
Let x = -1 + -1. What is the units digit of -2 - 2/x*4?
2
Let g(o) = o**2 - o + 1. Let t(m) = -m**3 - 5*m**2 + 7*m - 9. Let q(b) = 4*g(b) + t(b). What is the tens digit of q(-4)?
3
Let p be (-36)/8*2/(-3). Let c be ((-15)/p)/